{"id":7,"date":"2026-01-21T12:36:05","date_gmt":"2026-01-21T12:36:05","guid":{"rendered":"https:\/\/nossavisao.pt\/apa\/?page_id=7"},"modified":"2026-02-02T11:49:13","modified_gmt":"2026-02-02T11:49:13","slug":"vamoslixarolixo","status":"publish","type":"page","link":"https:\/\/nossavisao.pt\/apa\/","title":{"rendered":"vamos lixar o lixo"},"content":{"rendered":"","protected":false},"excerpt":{"rendered":"","protected":false},"author":1,"featured_media":774,"parent":0,"menu_order":0,"comment_status":"closed","ping_status":"closed","template":"page-home.php","meta":{"_acf_changed":false,"inline_featured_image":false,"footnotes":""},"class_list":["post-7","page","type-page","status-publish","has-post-thumbnail","hentry"],"acf":[],"yoast_head":"<!-- This site is optimized with the Yoast SEO plugin v27.6 - https:\/\/yoast.com\/product\/yoast-seo-wordpress\/ -->\n<title>Vamos separar o lixo antes que o futuro se lixe.<\/title>\n<meta name=\"description\" content=\"\u201cVamos Lixar o Lixo\u201d \u00e9 uma convocat\u00f3ria. Uma forma direta, energ\u00e9tica e sem rodeios de dizer que o lixo n\u00e3o se resolve sozinho.\" \/>\n<meta name=\"robots\" content=\"index, follow, max-snippet:-1, max-image-preview:large, max-video-preview:-1\" \/>\n<link rel=\"canonical\" href=\"https:\/\/nossavisao.pt\/apa\/\" \/>\n<meta property=\"og:locale\" content=\"pt_PT\" \/>\n<meta property=\"og:type\" content=\"article\" \/>\n<meta property=\"og:title\" content=\"Vamos lixar o lixo.\" \/>\n<meta property=\"og:description\" content=\"Vamos separar o lixo antes que o futuro se lixe.\" \/>\n<meta property=\"og:url\" content=\"https:\/\/nossavisao.pt\/apa\/\" \/>\n<meta property=\"og:site_name\" content=\"apa - ag\u00eancia portuguesa do ambiente\" \/>\n<meta property=\"article:modified_time\" content=\"2026-02-02T11:49:13+00:00\" \/>\n<meta property=\"og:image\" content=\"https:\/\/nossavisao.pt\/apa\/wp-content\/uploads\/share-1200x630-1.webp\" \/>\n\t<meta property=\"og:image:width\" content=\"1200\" \/>\n\t<meta property=\"og:image:height\" content=\"630\" \/>\n\t<meta property=\"og:image:type\" content=\"image\/jpeg\" \/>\n<meta name=\"twitter:card\" content=\"summary_large_image\" \/>\n<meta name=\"twitter:label1\" content=\"Tempo estimado de leitura\" \/>\n\t<meta name=\"twitter:data1\" content=\"1 minuto\" \/>\n<script type=\"application\/ld+json\" class=\"yoast-schema-graph\">{\"@context\":\"https:\\\/\\\/schema.org\",\"@graph\":[{\"@type\":\"WebPage\",\"@id\":\"https:\\\/\\\/nossavisao.pt\\\/apa\\\/\",\"url\":\"https:\\\/\\\/nossavisao.pt\\\/apa\\\/\",\"name\":\"Vamos separar o lixo antes que o futuro se lixe.\",\"isPartOf\":{\"@id\":\"https:\\\/\\\/nossavisao.pt\\\/apa\\\/#website\"},\"primaryImageOfPage\":{\"@id\":\"https:\\\/\\\/nossavisao.pt\\\/apa\\\/#primaryimage\"},\"image\":{\"@id\":\"https:\\\/\\\/nossavisao.pt\\\/apa\\\/#primaryimage\"},\"thumbnailUrl\":\"https:\\\/\\\/nossavisao.pt\\\/apa\\\/wp-content\\\/uploads\\\/share-1200x630-1.webp\",\"datePublished\":\"2026-01-21T12:36:05+00:00\",\"dateModified\":\"2026-02-02T11:49:13+00:00\",\"description\":\"\u201cVamos Lixar o Lixo\u201d \u00e9 uma convocat\u00f3ria. Uma forma direta, energ\u00e9tica e sem rodeios de dizer que o lixo n\u00e3o se resolve sozinho.\",\"breadcrumb\":{\"@id\":\"https:\\\/\\\/nossavisao.pt\\\/apa\\\/#breadcrumb\"},\"inLanguage\":\"pt-PT\",\"potentialAction\":[{\"@type\":\"ReadAction\",\"target\":[\"https:\\\/\\\/nossavisao.pt\\\/apa\\\/\"]}]},{\"@type\":\"ImageObject\",\"inLanguage\":\"pt-PT\",\"@id\":\"https:\\\/\\\/nossavisao.pt\\\/apa\\\/#primaryimage\",\"url\":\"https:\\\/\\\/nossavisao.pt\\\/apa\\\/wp-content\\\/uploads\\\/share-1200x630-1.webp\",\"contentUrl\":\"https:\\\/\\\/nossavisao.pt\\\/apa\\\/wp-content\\\/uploads\\\/share-1200x630-1.webp\",\"width\":1200,\"height\":630},{\"@type\":\"BreadcrumbList\",\"@id\":\"https:\\\/\\\/nossavisao.pt\\\/apa\\\/#breadcrumb\",\"itemListElement\":[{\"@type\":\"ListItem\",\"position\":1,\"name\":\"In\u00edcio\",\"item\":\"https:\\\/\\\/nossavisao.pt\\\/apa\\\/\"},{\"@type\":\"ListItem\",\"position\":2,\"name\":\"vamos lixar o lixo\"}]},{\"@type\":\"WebSite\",\"@id\":\"https:\\\/\\\/nossavisao.pt\\\/apa\\\/#website\",\"url\":\"https:\\\/\\\/nossavisao.pt\\\/apa\\\/\",\"name\":\"apa - ag\u00eancia portuguesa do ambiente\",\"description\":\"\u201cVamos Lixar o Lixo\u201d \u00e9 uma convocat\u00f3ria. Uma forma direta, energ\u00e9tica e sem rodeios de dizer que o lixo n\u00e3o se resolve sozinho.\",\"publisher\":{\"@id\":\"https:\\\/\\\/nossavisao.pt\\\/apa\\\/#organization\"},\"potentialAction\":[{\"@type\":\"SearchAction\",\"target\":{\"@type\":\"EntryPoint\",\"urlTemplate\":\"https:\\\/\\\/nossavisao.pt\\\/apa\\\/?s={search_term_string}\"},\"query-input\":{\"@type\":\"PropertyValueSpecification\",\"valueRequired\":true,\"valueName\":\"search_term_string\"}}],\"inLanguage\":\"pt-PT\"},{\"@type\":\"Organization\",\"@id\":\"https:\\\/\\\/nossavisao.pt\\\/apa\\\/#organization\",\"name\":\"apa - ag\u00eancia portuguesa do ambiente\",\"url\":\"https:\\\/\\\/nossavisao.pt\\\/apa\\\/\",\"logo\":{\"@type\":\"ImageObject\",\"inLanguage\":\"pt-PT\",\"@id\":\"https:\\\/\\\/nossavisao.pt\\\/apa\\\/#\\\/schema\\\/logo\\\/image\\\/\",\"url\":\"https:\\\/\\\/nossavisao.pt\\\/apa\\\/wp-content\\\/uploads\\\/apa-hero-logo-w.svg\",\"contentUrl\":\"https:\\\/\\\/nossavisao.pt\\\/apa\\\/wp-content\\\/uploads\\\/apa-hero-logo-w.svg\",\"width\":164,\"height\":44,\"caption\":\"apa - ag\u00eancia portuguesa do ambiente\"},\"image\":{\"@id\":\"https:\\\/\\\/nossavisao.pt\\\/apa\\\/#\\\/schema\\\/logo\\\/image\\\/\"}}]}<\/script>\n<!-- \/ Yoast SEO plugin. -->","yoast_head_json":{"title":"Vamos separar o lixo antes que o futuro se lixe.","description":"\u201cVamos Lixar o Lixo\u201d \u00e9 uma convocat\u00f3ria. Uma forma direta, energ\u00e9tica e sem rodeios de dizer que o lixo n\u00e3o se resolve sozinho.","robots":{"index":"index","follow":"follow","max-snippet":"max-snippet:-1","max-image-preview":"max-image-preview:large","max-video-preview":"max-video-preview:-1"},"canonical":"https:\/\/nossavisao.pt\/apa\/","og_locale":"pt_PT","og_type":"article","og_title":"Vamos lixar o lixo.","og_description":"Vamos separar o lixo antes que o futuro se lixe.","og_url":"https:\/\/nossavisao.pt\/apa\/","og_site_name":"apa - ag\u00eancia portuguesa do ambiente","article_modified_time":"2026-02-02T11:49:13+00:00","og_image":[{"width":1200,"height":630,"url":"https:\/\/nossavisao.pt\/apa\/wp-content\/uploads\/share-1200x630-1.webp","type":"image\/jpeg"}],"twitter_card":"summary_large_image","twitter_misc":{"Tempo estimado de leitura":"1 minuto"},"schema":{"@context":"https:\/\/schema.org","@graph":[{"@type":"WebPage","@id":"https:\/\/nossavisao.pt\/apa\/","url":"https:\/\/nossavisao.pt\/apa\/","name":"Vamos separar o lixo antes que o futuro se lixe.","isPartOf":{"@id":"https:\/\/nossavisao.pt\/apa\/#website"},"primaryImageOfPage":{"@id":"https:\/\/nossavisao.pt\/apa\/#primaryimage"},"image":{"@id":"https:\/\/nossavisao.pt\/apa\/#primaryimage"},"thumbnailUrl":"https:\/\/nossavisao.pt\/apa\/wp-content\/uploads\/share-1200x630-1.webp","datePublished":"2026-01-21T12:36:05+00:00","dateModified":"2026-02-02T11:49:13+00:00","description":"\u201cVamos Lixar o Lixo\u201d \u00e9 uma convocat\u00f3ria. Uma forma direta, energ\u00e9tica e sem rodeios de dizer que o lixo n\u00e3o se resolve sozinho.","breadcrumb":{"@id":"https:\/\/nossavisao.pt\/apa\/#breadcrumb"},"inLanguage":"pt-PT","potentialAction":[{"@type":"ReadAction","target":["https:\/\/nossavisao.pt\/apa\/"]}]},{"@type":"ImageObject","inLanguage":"pt-PT","@id":"https:\/\/nossavisao.pt\/apa\/#primaryimage","url":"https:\/\/nossavisao.pt\/apa\/wp-content\/uploads\/share-1200x630-1.webp","contentUrl":"https:\/\/nossavisao.pt\/apa\/wp-content\/uploads\/share-1200x630-1.webp","width":1200,"height":630},{"@type":"BreadcrumbList","@id":"https:\/\/nossavisao.pt\/apa\/#breadcrumb","itemListElement":[{"@type":"ListItem","position":1,"name":"In\u00edcio","item":"https:\/\/nossavisao.pt\/apa\/"},{"@type":"ListItem","position":2,"name":"vamos lixar o lixo"}]},{"@type":"WebSite","@id":"https:\/\/nossavisao.pt\/apa\/#website","url":"https:\/\/nossavisao.pt\/apa\/","name":"apa - ag\u00eancia portuguesa do ambiente","description":"\u201cVamos Lixar o Lixo\u201d \u00e9 uma convocat\u00f3ria. Uma forma direta, energ\u00e9tica e sem rodeios de dizer que o lixo n\u00e3o se resolve sozinho.","publisher":{"@id":"https:\/\/nossavisao.pt\/apa\/#organization"},"potentialAction":[{"@type":"SearchAction","target":{"@type":"EntryPoint","urlTemplate":"https:\/\/nossavisao.pt\/apa\/?s={search_term_string}"},"query-input":{"@type":"PropertyValueSpecification","valueRequired":true,"valueName":"search_term_string"}}],"inLanguage":"pt-PT"},{"@type":"Organization","@id":"https:\/\/nossavisao.pt\/apa\/#organization","name":"apa - ag\u00eancia portuguesa do ambiente","url":"https:\/\/nossavisao.pt\/apa\/","logo":{"@type":"ImageObject","inLanguage":"pt-PT","@id":"https:\/\/nossavisao.pt\/apa\/#\/schema\/logo\/image\/","url":"https:\/\/nossavisao.pt\/apa\/wp-content\/uploads\/apa-hero-logo-w.svg","contentUrl":"https:\/\/nossavisao.pt\/apa\/wp-content\/uploads\/apa-hero-logo-w.svg","width":164,"height":44,"caption":"apa - ag\u00eancia portuguesa do ambiente"},"image":{"@id":"https:\/\/nossavisao.pt\/apa\/#\/schema\/logo\/image\/"}}]}},"_links":{"self":[{"href":"https:\/\/nossavisao.pt\/apa\/wp-json\/wp\/v2\/pages\/7","targetHints":{"allow":["GET"]}}],"collection":[{"href":"https:\/\/nossavisao.pt\/apa\/wp-json\/wp\/v2\/pages"}],"about":[{"href":"https:\/\/nossavisao.pt\/apa\/wp-json\/wp\/v2\/types\/page"}],"author":[{"embeddable":true,"href":"https:\/\/nossavisao.pt\/apa\/wp-json\/wp\/v2\/users\/1"}],"replies":[{"embeddable":true,"href":"https:\/\/nossavisao.pt\/apa\/wp-json\/wp\/v2\/comments?post=7"}],"version-history":[{"count":281,"href":"https:\/\/nossavisao.pt\/apa\/wp-json\/wp\/v2\/pages\/7\/revisions"}],"predecessor-version":[{"id":900,"href":"https:\/\/nossavisao.pt\/apa\/wp-json\/wp\/v2\/pages\/7\/revisions\/900"}],"wp:featuredmedia":[{"embeddable":true,"href":"https:\/\/nossavisao.pt\/apa\/wp-json\/wp\/v2\/media\/774"}],"wp:attachment":[{"href":"https:\/\/nossavisao.pt\/apa\/wp-json\/wp\/v2\/media?parent=7"}],"curies":[{"name":"wp","href":"https:\/\/api.w.org\/{rel}","templated":true}]}}